{"id":275,"date":"2026-01-21T08:53:01","date_gmt":"2026-01-21T13:53:01","guid":{"rendered":"https:\/\/domevik.com\/?page_id=275"},"modified":"2026-01-26T23:42:13","modified_gmt":"2026-01-27T04:42:13","slug":"mentes-maestras-de-una-obra-maestra","status":"publish","type":"page","link":"https:\/\/domevik.com\/index.php\/mentes-maestras-de-una-obra-maestra\/","title":{"rendered":"Mentes maestras de una obra maestra"},"content":{"rendered":"\n<p><em>Despelote<\/em> es el resultado de una colaboraci\u00f3n creativa entre <strong>Juli\u00e1n Cordero<\/strong> y <strong>Sebasti\u00e1n Valbuena<\/strong>, dos autores Ecuatorianos que, desde enfoques distintos pero complementarios, construyeron una obra que trasciende el videojuego tradicional para convertirse en un ejercicio de memoria cultural. Producido y publicado por la reconocida empresa independiente <strong>Panic<\/strong>, el proyecto logr\u00f3 posicionarse en la escena internacional del videojuego contempor\u00e1neo.<\/p>\n\n\n\n<h3 class=\"wp-block-heading\">Juli\u00e1n Cordero: memoria personal como narrativa interactiva<\/h3>\n\n\n\n<div class=\"wp-block-media-text is-stacked-on-mobile\" style=\"grid-template-columns:27% auto\"><figure class=\"wp-block-media-text__media\"><img fetchpriority=\"high\" decoding=\"async\" width=\"416\" height=\"416\" src=\"https:\/\/domevik.com\/wp-content\/uploads\/2026\/01\/0x0.webp\" alt=\"\" class=\"wp-image-228 size-full\" srcset=\"https:\/\/domevik.com\/wp-content\/uploads\/2026\/01\/0x0.webp 416w, https:\/\/domevik.com\/wp-content\/uploads\/2026\/01\/0x0-300x300.webp 300w, https:\/\/domevik.com\/wp-content\/uploads\/2026\/01\/0x0-150x150.webp 150w\" sizes=\"(max-width: 416px) 100vw, 416px\" \/><\/figure><div class=\"wp-block-media-text__content\">\n<p>Juli\u00e1n Cordero es el creador de la idea original de <em>Despelote<\/em> y la voz central detr\u00e1s de su propuesta narrativa. De origen ecuatoriano, su trabajo se caracteriza por una fuerte conexi\u00f3n con la infancia, el espacio urbano y los recuerdos cotidianos de Quito a inicios de los a\u00f1os 2000. En entrevistas, Cordero ha explicado que el juego surge de su propia experiencia como ni\u00f1o durante el proceso de clasificaci\u00f3n de Ecuador a su primer Mundial de f\u00fatbol.<\/p>\n<\/div><\/div>\n\n\n\n<p>Lejos de plantear una historia \u00e9pica o competitiva, Cordero opta por una mirada \u00edntima y subjetiva, donde el f\u00fatbol funciona como hilo conductor de la vida barrial, las conversaciones familiares y el ambiente social de la \u00e9poca. Su enfoque creativo prioriza la atm\u00f3sfera, el sonido y los peque\u00f1os gestos de la cotidianidad, utilizando el videojuego como un medio para preservar y reinterpretar la memoria colectiva.<\/p>\n\n\n\n<div class=\"wp-block-buttons is-content-justification-center is-layout-flex wp-container-core-buttons-is-layout-a89b3969 wp-block-buttons-is-layout-flex\">\n<div class=\"wp-block-button has-custom-width wp-block-button__width-50\"><a class=\"wp-block-button__link has-border-color wp-element-button\" href=\"https:\/\/domevik.com\/index.php\/mentes-maestras-de-una-obra-maestra\/te-cuento-quien-es-julian\/\" style=\"border-color:#9b51e0;border-width:4px;border-top-left-radius:100px;border-top-right-radius:100px;border-bottom-left-radius:100px;border-bottom-right-radius:100px\"> <span class=\"wp-rich-text-font-awesome-icon wp-font-awesome-icon\"><svg aria-hidden=\"true\" focusable=\"false\" data-prefix=\"fas\" data-icon=\"share\" class=\"svg-inline--fa fa-share \" role=\"img\" xmlns=\"http:\/\/www.w3.org\/2000\/svg\" viewBox=\"0 0 512 512\"><path fill=\"currentColor\" d=\"M307.8 18.4c-12 5-19.8 16.6-19.8 29.6l0 80-112 0c-97.2 0-176 78.8-176 176 0 113.3 81.5 163.9 100.2 174.1 2.5 1.4 5.3 1.9 8.1 1.9 10.9 0 19.7-8.9 19.7-19.7 0-7.5-4.3-14.4-9.8-19.5-9.4-8.8-22.2-26.4-22.2-56.7 0-53 43-96 96-96l96 0 0 80c0 12.9 7.8 24.6 19.8 29.6s25.7 2.2 34.9-6.9l160-160c12.5-12.5 12.5-32.8 0-45.3l-160-160c-9.2-9.2-22.9-11.9-34.9-6.9z\"><\/path><\/svg><\/span> Qu\u00e9 m\u00e1s tiene Juli\u00e1n<\/a><\/div>\n<\/div>\n\n\n\n<h3 class=\"wp-block-heading\">Sebasti\u00e1n Valbuena: arte, identidad visual y construcci\u00f3n del mundo<\/h3>\n\n\n\n<div class=\"wp-block-media-text is-stacked-on-mobile\" style=\"grid-template-columns:26% auto\"><figure class=\"wp-block-media-text__media\"><img decoding=\"async\" width=\"728\" height=\"1024\" src=\"https:\/\/domevik.com\/wp-content\/uploads\/2026\/01\/WhatsApp-Image-2026-01-20-at-9.51.30-PM-728x1024.jpeg\" alt=\"\" class=\"wp-image-234 size-full\" srcset=\"https:\/\/domevik.com\/wp-content\/uploads\/2026\/01\/WhatsApp-Image-2026-01-20-at-9.51.30-PM-728x1024.jpeg 728w, https:\/\/domevik.com\/wp-content\/uploads\/2026\/01\/WhatsApp-Image-2026-01-20-at-9.51.30-PM-213x300.jpeg 213w, https:\/\/domevik.com\/wp-content\/uploads\/2026\/01\/WhatsApp-Image-2026-01-20-at-9.51.30-PM-768x1080.jpeg 768w, https:\/\/domevik.com\/wp-content\/uploads\/2026\/01\/WhatsApp-Image-2026-01-20-at-9.51.30-PM-1092x1536.jpeg 1092w, https:\/\/domevik.com\/wp-content\/uploads\/2026\/01\/WhatsApp-Image-2026-01-20-at-9.51.30-PM.jpeg 1138w\" sizes=\"(max-width: 728px) 100vw, 728px\" \/><\/figure><div class=\"wp-block-media-text__content\">\n<p>Sebasti\u00e1n Valbuena es coautor de <em>Despelote<\/em> y desempe\u00f1\u00f3 un rol fundamental en la materializaci\u00f3n visual y conceptual del proyecto. Artista visual conocido tambi\u00e9n por su trabajo bajo el seud\u00f3nimo <strong>Diosdelpanico<\/strong>, Valbuena aporta una sensibilidad est\u00e9tica marcada, donde el minimalismo y la expresividad se convierten en elementos centrales de la experiencia.<\/p>\n<\/div><\/div>\n\n\n\n<p>Adem\u00e1s de su trayectoria art\u00edstica, Valbuena ha trabajado como artista con <strong>Panic<\/strong>, empresa reconocida internacionalmente por producir y publicar videojuegos independientes con una fuerte identidad autoral. Esta experiencia fue clave para dotar a <em>Despelote<\/em> de una coherencia visual y una estructura s\u00f3lida, alineada con los est\u00e1ndares del circuito indie global.<\/p>\n\n\n\n<p>En el desarrollo del juego, Valbuena contribuy\u00f3 a la construcci\u00f3n del entorno urbano, al ritmo de la experiencia y a la traducci\u00f3n de la narrativa \u00edntima de Cordero en un lenguaje visual e interactivo claro, accesible y emocionalmente consistente.<\/p>\n\n\n\n<div class=\"wp-block-buttons is-content-justification-center is-layout-flex wp-container-core-buttons-is-layout-a89b3969 wp-block-buttons-is-layout-flex\">\n<div class=\"wp-block-button has-custom-width wp-block-button__width-50\"><a class=\"wp-block-button__link has-border-color has-vivid-purple-border-color wp-element-button\" href=\"https:\/\/domevik.com\/index.php\/mentes-maestras-de-una-obra-maestra\/te-cuento-quien-es-sebastian\/\" style=\"border-width:4px;border-top-left-radius:100px;border-top-right-radius:100px;border-bottom-left-radius:100px;border-bottom-right-radius:100px\"><span class=\"wp-rich-text-font-awesome-icon wp-font-awesome-icon\"><svg aria-hidden=\"true\" focusable=\"false\" data-prefix=\"fas\" data-icon=\"share\" class=\"svg-inline--fa fa-share \" role=\"img\" xmlns=\"http:\/\/www.w3.org\/2000\/svg\" viewBox=\"0 0 512 512\"><path fill=\"currentColor\" d=\"M307.8 18.4c-12 5-19.8 16.6-19.8 29.6l0 80-112 0c-97.2 0-176 78.8-176 176 0 113.3 81.5 163.9 100.2 174.1 2.5 1.4 5.3 1.9 8.1 1.9 10.9 0 19.7-8.9 19.7-19.7 0-7.5-4.3-14.4-9.8-19.5-9.4-8.8-22.2-26.4-22.2-56.7 0-53 43-96 96-96l96 0 0 80c0 12.9 7.8 24.6 19.8 29.6s25.7 2.2 34.9-6.9l160-160c12.5-12.5 12.5-32.8 0-45.3l-160-160c-9.2-9.2-22.9-11.9-34.9-6.9z\"><\/path><\/svg><\/span> Qu\u00e9 m\u00e1s tiene Sebast\u00edan<\/a><\/div>\n<\/div>\n\n\n\n<h3 class=\"wp-block-heading\">Panic: producci\u00f3n y proyecci\u00f3n internacional<\/h3>\n\n\n\n<p><\/p>\n\n\n\n<div class=\"wp-block-media-text is-stacked-on-mobile\" style=\"grid-template-columns:32% auto\"><figure class=\"wp-block-media-text__media\"><img decoding=\"async\" width=\"499\" height=\"178\" src=\"https:\/\/domevik.com\/wp-content\/uploads\/2026\/01\/Captura-de-pantalla-2026-01-20-205955.png\" alt=\"\" class=\"wp-image-184 size-full\" srcset=\"https:\/\/domevik.com\/wp-content\/uploads\/2026\/01\/Captura-de-pantalla-2026-01-20-205955.png 499w, https:\/\/domevik.com\/wp-content\/uploads\/2026\/01\/Captura-de-pantalla-2026-01-20-205955-300x107.png 300w\" sizes=\"(max-width: 499px) 100vw, 499px\" \/><\/figure><div class=\"wp-block-media-text__content\">\n<p>La participaci\u00f3n de <strong>Panic<\/strong> como empresa productora y editora fue determinante para que <em>Despelote<\/em> alcanzara visibilidad internacional. Con un cat\u00e1logo centrado en videojuegos independientes de alto valor art\u00edstico, Panic permiti\u00f3 que el proyecto ecuatoriano se integrara en circuitos globales, festivales y plataformas de gran alcance.<\/p>\n<\/div><\/div>\n\n\n\n<div class=\"wp-block-buttons is-content-justification-center is-layout-flex wp-container-core-buttons-is-layout-a89b3969 wp-block-buttons-is-layout-flex\">\n<div class=\"wp-block-button has-custom-width wp-block-button__width-50\"><a class=\"wp-block-button__link has-border-color wp-element-button\" href=\"https:\/\/domevik.com\/index.php\/panic-la-empresa-que-atras-de-despelote\/\" style=\"border-color:#9b51e0;border-width:4px;border-top-left-radius:100px;border-top-right-radius:100px;border-bottom-left-radius:100px;border-bottom-right-radius:100px\"><span class=\"wp-rich-text-font-awesome-icon wp-font-awesome-icon\"><svg aria-hidden=\"true\" focusable=\"false\" data-prefix=\"fas\" data-icon=\"share\" class=\"svg-inline--fa fa-share \" role=\"img\" xmlns=\"http:\/\/www.w3.org\/2000\/svg\" viewBox=\"0 0 512 512\"><path fill=\"currentColor\" d=\"M307.8 18.4c-12 5-19.8 16.6-19.8 29.6l0 80-112 0c-97.2 0-176 78.8-176 176 0 113.3 81.5 163.9 100.2 174.1 2.5 1.4 5.3 1.9 8.1 1.9 10.9 0 19.7-8.9 19.7-19.7 0-7.5-4.3-14.4-9.8-19.5-9.4-8.8-22.2-26.4-22.2-56.7 0-53 43-96 96-96l96 0 0 80c0 12.9 7.8 24.6 19.8 29.6s25.7 2.2 34.9-6.9l160-160c12.5-12.5 12.5-32.8 0-45.3l-160-160c-9.2-9.2-22.9-11.9-34.9-6.9z\"><\/path><\/svg><\/span> La empresa tras Depelote<\/a><\/div>\n<\/div>\n\n\n\n<p>Gracias a esta colaboraci\u00f3n, <em>Despelote<\/em> no solo se consolid\u00f3 como una obra cultural, sino tambi\u00e9n como un referente del potencial creativo del videojuego latinoamericano. La uni\u00f3n entre la visi\u00f3n personal de sus creadores y el respaldo de una empresa con experiencia internacional convirti\u00f3 al juego en un punto de inflexi\u00f3n para la representaci\u00f3n de historias locales dentro de la industria global.<\/p>\n\n\n\n<p><\/p>\n\n\n\n<div class=\"wp-block-buttons is-content-justification-center is-layout-flex wp-container-core-buttons-is-layout-a89b3969 wp-block-buttons-is-layout-flex\">\n<div class=\"wp-block-button has-custom-width wp-block-button__width-100\"><a class=\"wp-block-button__link has-border-color has-vivid-purple-border-color wp-element-button\" href=\"https:\/\/domevik.com\/index.php\/2026\/01\/20\/despelote-el-juego-ecuatoriano-que-cambio-a-los-juegos-de-futbol\/\" style=\"border-width:4px;border-top-left-radius:100px;border-top-right-radius:100px;border-bottom-left-radius:100px;border-bottom-right-radius:100px\"><span class=\"wp-rich-text-font-awesome-icon wp-font-awesome-icon\"><svg aria-hidden=\"true\" focusable=\"false\" data-prefix=\"fas\" data-icon=\"share\" class=\"svg-inline--fa fa-share \" role=\"img\" xmlns=\"http:\/\/www.w3.org\/2000\/svg\" viewBox=\"0 0 512 512\"><path fill=\"currentColor\" d=\"M307.8 18.4c-12 5-19.8 16.6-19.8 29.6l0 80-112 0c-97.2 0-176 78.8-176 176 0 113.3 81.5 163.9 100.2 174.1 2.5 1.4 5.3 1.9 8.1 1.9 10.9 0 19.7-8.9 19.7-19.7 0-7.5-4.3-14.4-9.8-19.5-9.4-8.8-22.2-26.4-22.2-56.7 0-53 43-96 96-96l96 0 0 80c0 12.9 7.8 24.6 19.8 29.6s25.7 2.2 34.9-6.9l160-160c12.5-12.5 12.5-32.8 0-45.3l-160-160c-9.2-9.2-22.9-11.9-34.9-6.9z\"><\/path><\/svg><\/span> La obra maestra \u00a8Despelote\u00a8<\/a><\/div>\n<\/div>\n\n\n\n<p><\/p>\n","protected":false},"excerpt":{"rendered":"<p>Despelote es el resultado de una colaboraci\u00f3n creativa entre Juli\u00e1n Cordero y Sebasti\u00e1n Valbuena, dos autores Ecuatorianos que,<\/p>\n","protected":false},"author":1,"featured_media":0,"parent":0,"menu_order":1,"comment_status":"closed","ping_status":"closed","template":"","meta":{"footnotes":""},"class_list":["post-275","page","type-page","status-publish","hentry"],"yoast_head":"<!-- This site is optimized with the Yoast SEO plugin v27.5 - https:\/\/yoast.com\/product\/yoast-seo-wordpress\/ -->\n<title>Mentes maestras de una obra maestra - Domevik games<\/title>\n<meta name=\"robots\" content=\"index, follow, max-snippet:-1, max-image-preview:large, max-video-preview:-1\" \/>\n<link rel=\"canonical\" href=\"https:\/\/domevik.com\/index.php\/mentes-maestras-de-una-obra-maestra\/\" \/>\n<meta property=\"og:locale\" content=\"es_ES\" \/>\n<meta property=\"og:type\" content=\"article\" \/>\n<meta property=\"og:title\" content=\"Mentes maestras de una obra maestra - Domevik games\" \/>\n<meta property=\"og:description\" content=\"Despelote es el resultado de una colaboraci\u00f3n creativa entre Juli\u00e1n Cordero y Sebasti\u00e1n Valbuena, dos autores Ecuatorianos que,\" \/>\n<meta property=\"og:url\" content=\"https:\/\/domevik.com\/index.php\/mentes-maestras-de-una-obra-maestra\/\" \/>\n<meta property=\"og:site_name\" content=\"Domevik games\" \/>\n<meta property=\"article:publisher\" content=\"https:\/\/www.facebook.com\/dome.nevarez.977891\/\" \/>\n<meta property=\"article:modified_time\" content=\"2026-01-27T04:42:13+00:00\" \/>\n<meta property=\"og:image\" content=\"https:\/\/domevik.com\/wp-content\/uploads\/2026\/01\/0x0.webp\" \/>\n\t<meta property=\"og:image:width\" content=\"416\" \/>\n\t<meta property=\"og:image:height\" content=\"416\" \/>\n\t<meta property=\"og:image:type\" content=\"image\/webp\" \/>\n<meta name=\"twitter:card\" content=\"summary_large_image\" \/>\n<meta name=\"twitter:site\" content=\"@Domevik\" \/>\n<meta name=\"twitter:label1\" content=\"Tiempo de lectura\" \/>\n\t<meta name=\"twitter:data1\" content=\"3 minutos\" \/>\n<script type=\"application\/ld+json\" class=\"yoast-schema-graph\">{\"@context\":\"https:\\\/\\\/schema.org\",\"@graph\":[{\"@type\":\"WebPage\",\"@id\":\"https:\\\/\\\/domevik.com\\\/index.php\\\/mentes-maestras-de-una-obra-maestra\\\/\",\"url\":\"https:\\\/\\\/domevik.com\\\/index.php\\\/mentes-maestras-de-una-obra-maestra\\\/\",\"name\":\"Mentes maestras de una obra maestra - Domevik games\",\"isPartOf\":{\"@id\":\"https:\\\/\\\/domevik.com\\\/#website\"},\"primaryImageOfPage\":{\"@id\":\"https:\\\/\\\/domevik.com\\\/index.php\\\/mentes-maestras-de-una-obra-maestra\\\/#primaryimage\"},\"image\":{\"@id\":\"https:\\\/\\\/domevik.com\\\/index.php\\\/mentes-maestras-de-una-obra-maestra\\\/#primaryimage\"},\"thumbnailUrl\":\"https:\\\/\\\/domevik.com\\\/wp-content\\\/uploads\\\/2026\\\/01\\\/0x0.webp\",\"datePublished\":\"2026-01-21T13:53:01+00:00\",\"dateModified\":\"2026-01-27T04:42:13+00:00\",\"breadcrumb\":{\"@id\":\"https:\\\/\\\/domevik.com\\\/index.php\\\/mentes-maestras-de-una-obra-maestra\\\/#breadcrumb\"},\"inLanguage\":\"es\",\"potentialAction\":[{\"@type\":\"ReadAction\",\"target\":[\"https:\\\/\\\/domevik.com\\\/index.php\\\/mentes-maestras-de-una-obra-maestra\\\/\"]}]},{\"@type\":\"ImageObject\",\"inLanguage\":\"es\",\"@id\":\"https:\\\/\\\/domevik.com\\\/index.php\\\/mentes-maestras-de-una-obra-maestra\\\/#primaryimage\",\"url\":\"https:\\\/\\\/domevik.com\\\/wp-content\\\/uploads\\\/2026\\\/01\\\/0x0.webp\",\"contentUrl\":\"https:\\\/\\\/domevik.com\\\/wp-content\\\/uploads\\\/2026\\\/01\\\/0x0.webp\",\"width\":416,\"height\":416},{\"@type\":\"BreadcrumbList\",\"@id\":\"https:\\\/\\\/domevik.com\\\/index.php\\\/mentes-maestras-de-una-obra-maestra\\\/#breadcrumb\",\"itemListElement\":[{\"@type\":\"ListItem\",\"position\":1,\"name\":\"Portada\",\"item\":\"https:\\\/\\\/domevik.com\\\/\"},{\"@type\":\"ListItem\",\"position\":2,\"name\":\"Mentes maestras de una obra maestra\"}]},{\"@type\":\"WebSite\",\"@id\":\"https:\\\/\\\/domevik.com\\\/#website\",\"url\":\"https:\\\/\\\/domevik.com\\\/\",\"name\":\"Domevik games\",\"description\":\"En esta p\u00e1gina amamos los videojuegos \",\"publisher\":{\"@id\":\"https:\\\/\\\/domevik.com\\\/#\\\/schema\\\/person\\\/837d2f033639f1eb4519adc74389aa09\"},\"potentialAction\":[{\"@type\":\"SearchAction\",\"target\":{\"@type\":\"EntryPoint\",\"urlTemplate\":\"https:\\\/\\\/domevik.com\\\/?s={search_term_string}\"},\"query-input\":{\"@type\":\"PropertyValueSpecification\",\"valueRequired\":true,\"valueName\":\"search_term_string\"}}],\"inLanguage\":\"es\"},{\"@type\":[\"Person\",\"Organization\"],\"@id\":\"https:\\\/\\\/domevik.com\\\/#\\\/schema\\\/person\\\/837d2f033639f1eb4519adc74389aa09\",\"name\":\"Domevik\",\"image\":{\"@type\":\"ImageObject\",\"inLanguage\":\"es\",\"@id\":\"https:\\\/\\\/domevik.com\\\/wp-content\\\/uploads\\\/2025\\\/11\\\/cropped-cropped-ChatGPT-Image-17-nov-2025-08_43_42.png\",\"url\":\"https:\\\/\\\/domevik.com\\\/wp-content\\\/uploads\\\/2025\\\/11\\\/cropped-cropped-ChatGPT-Image-17-nov-2025-08_43_42.png\",\"contentUrl\":\"https:\\\/\\\/domevik.com\\\/wp-content\\\/uploads\\\/2025\\\/11\\\/cropped-cropped-ChatGPT-Image-17-nov-2025-08_43_42.png\",\"width\":512,\"height\":512,\"caption\":\"Domevik\"},\"logo\":{\"@id\":\"https:\\\/\\\/domevik.com\\\/wp-content\\\/uploads\\\/2025\\\/11\\\/cropped-cropped-ChatGPT-Image-17-nov-2025-08_43_42.png\"},\"sameAs\":[\"https:\\\/\\\/domevik.com\",\"https:\\\/\\\/www.facebook.com\\\/dome.nevarez.977891\\\/\",\"https:\\\/\\\/www.instagram.com\\\/domevik_\\\/\",\"https:\\\/\\\/x.com\\\/Domevik\",\"https:\\\/\\\/www.youtube.com\\\/channel\\\/UCm7scnUxBZAmpOuUWh1pBgg\"]}]}<\/script>\n<!-- \/ Yoast SEO plugin. -->","yoast_head_json":{"title":"Mentes maestras de una obra maestra - Domevik games","robots":{"index":"index","follow":"follow","max-snippet":"max-snippet:-1","max-image-preview":"max-image-preview:large","max-video-preview":"max-video-preview:-1"},"canonical":"https:\/\/domevik.com\/index.php\/mentes-maestras-de-una-obra-maestra\/","og_locale":"es_ES","og_type":"article","og_title":"Mentes maestras de una obra maestra - Domevik games","og_description":"Despelote es el resultado de una colaboraci\u00f3n creativa entre Juli\u00e1n Cordero y Sebasti\u00e1n Valbuena, dos autores Ecuatorianos que,","og_url":"https:\/\/domevik.com\/index.php\/mentes-maestras-de-una-obra-maestra\/","og_site_name":"Domevik games","article_publisher":"https:\/\/www.facebook.com\/dome.nevarez.977891\/","article_modified_time":"2026-01-27T04:42:13+00:00","og_image":[{"width":416,"height":416,"url":"https:\/\/domevik.com\/wp-content\/uploads\/2026\/01\/0x0.webp","type":"image\/webp"}],"twitter_card":"summary_large_image","twitter_site":"@Domevik","twitter_misc":{"Tiempo de lectura":"3 minutos"},"schema":{"@context":"https:\/\/schema.org","@graph":[{"@type":"WebPage","@id":"https:\/\/domevik.com\/index.php\/mentes-maestras-de-una-obra-maestra\/","url":"https:\/\/domevik.com\/index.php\/mentes-maestras-de-una-obra-maestra\/","name":"Mentes maestras de una obra maestra - Domevik games","isPartOf":{"@id":"https:\/\/domevik.com\/#website"},"primaryImageOfPage":{"@id":"https:\/\/domevik.com\/index.php\/mentes-maestras-de-una-obra-maestra\/#primaryimage"},"image":{"@id":"https:\/\/domevik.com\/index.php\/mentes-maestras-de-una-obra-maestra\/#primaryimage"},"thumbnailUrl":"https:\/\/domevik.com\/wp-content\/uploads\/2026\/01\/0x0.webp","datePublished":"2026-01-21T13:53:01+00:00","dateModified":"2026-01-27T04:42:13+00:00","breadcrumb":{"@id":"https:\/\/domevik.com\/index.php\/mentes-maestras-de-una-obra-maestra\/#breadcrumb"},"inLanguage":"es","potentialAction":[{"@type":"ReadAction","target":["https:\/\/domevik.com\/index.php\/mentes-maestras-de-una-obra-maestra\/"]}]},{"@type":"ImageObject","inLanguage":"es","@id":"https:\/\/domevik.com\/index.php\/mentes-maestras-de-una-obra-maestra\/#primaryimage","url":"https:\/\/domevik.com\/wp-content\/uploads\/2026\/01\/0x0.webp","contentUrl":"https:\/\/domevik.com\/wp-content\/uploads\/2026\/01\/0x0.webp","width":416,"height":416},{"@type":"BreadcrumbList","@id":"https:\/\/domevik.com\/index.php\/mentes-maestras-de-una-obra-maestra\/#breadcrumb","itemListElement":[{"@type":"ListItem","position":1,"name":"Portada","item":"https:\/\/domevik.com\/"},{"@type":"ListItem","position":2,"name":"Mentes maestras de una obra maestra"}]},{"@type":"WebSite","@id":"https:\/\/domevik.com\/#website","url":"https:\/\/domevik.com\/","name":"Domevik games","description":"En esta p\u00e1gina amamos los videojuegos ","publisher":{"@id":"https:\/\/domevik.com\/#\/schema\/person\/837d2f033639f1eb4519adc74389aa09"},"potentialAction":[{"@type":"SearchAction","target":{"@type":"EntryPoint","urlTemplate":"https:\/\/domevik.com\/?s={search_term_string}"},"query-input":{"@type":"PropertyValueSpecification","valueRequired":true,"valueName":"search_term_string"}}],"inLanguage":"es"},{"@type":["Person","Organization"],"@id":"https:\/\/domevik.com\/#\/schema\/person\/837d2f033639f1eb4519adc74389aa09","name":"Domevik","image":{"@type":"ImageObject","inLanguage":"es","@id":"https:\/\/domevik.com\/wp-content\/uploads\/2025\/11\/cropped-cropped-ChatGPT-Image-17-nov-2025-08_43_42.png","url":"https:\/\/domevik.com\/wp-content\/uploads\/2025\/11\/cropped-cropped-ChatGPT-Image-17-nov-2025-08_43_42.png","contentUrl":"https:\/\/domevik.com\/wp-content\/uploads\/2025\/11\/cropped-cropped-ChatGPT-Image-17-nov-2025-08_43_42.png","width":512,"height":512,"caption":"Domevik"},"logo":{"@id":"https:\/\/domevik.com\/wp-content\/uploads\/2025\/11\/cropped-cropped-ChatGPT-Image-17-nov-2025-08_43_42.png"},"sameAs":["https:\/\/domevik.com","https:\/\/www.facebook.com\/dome.nevarez.977891\/","https:\/\/www.instagram.com\/domevik_\/","https:\/\/x.com\/Domevik","https:\/\/www.youtube.com\/channel\/UCm7scnUxBZAmpOuUWh1pBgg"]}]}},"_links":{"self":[{"href":"https:\/\/domevik.com\/index.php\/wp-json\/wp\/v2\/pages\/275","targetHints":{"allow":["GET"]}}],"collection":[{"href":"https:\/\/domevik.com\/index.php\/wp-json\/wp\/v2\/pages"}],"about":[{"href":"https:\/\/domevik.com\/index.php\/wp-json\/wp\/v2\/types\/page"}],"author":[{"embeddable":true,"href":"https:\/\/domevik.com\/index.php\/wp-json\/wp\/v2\/users\/1"}],"replies":[{"embeddable":true,"href":"https:\/\/domevik.com\/index.php\/wp-json\/wp\/v2\/comments?post=275"}],"version-history":[{"count":9,"href":"https:\/\/domevik.com\/index.php\/wp-json\/wp\/v2\/pages\/275\/revisions"}],"predecessor-version":[{"id":509,"href":"https:\/\/domevik.com\/index.php\/wp-json\/wp\/v2\/pages\/275\/revisions\/509"}],"wp:attachment":[{"href":"https:\/\/domevik.com\/index.php\/wp-json\/wp\/v2\/media?parent=275"}],"curies":[{"name":"wp","href":"https:\/\/api.w.org\/{rel}","templated":true}]}}